j(-6).
7
Let s be 20/10 + (4/(-2) - (4 - 6)). Let y(a) = -a**2 - 4*a - 1. Give y(s).
-13
Let g(i) = i**2 + 10*i - 4. Let b(j) = -3*j**2 - 18*j + 6. Let w(u) = -2*b(u) - 5*g(u). Give w(14).
8
Let j(g) = g + 156 - 3*g - 161. Let f(z) = 4*z + 11. Let d(o) = -6*f(o) - 13*j(o). Let n = 10 - 8. Determine d(n).
3
Let k(f) = -2*f**3 + f + 1. Let y be (27/36)/(2/8). Suppose y*b - 26 + 29 = 0. Calculate k(b).
2
Let m(w) = 2*w**2 + 14*w + 23. Let k be m(-2). Let u(b) = 0*b - k*b + 7*b + 2. Let n be 2/(((-2)/1)/(-2)). Determine u(n).
10
Let v = 46 + -51. Let q be v/4*(6 + 11 + -9). Let i(c) = c**3 + 9*c**2 - 11*c - 4. Determine i(q).
6
Let p be 0 + (-5)/(-2)*-2. Suppose 19*u - 3150 = -16*u. Let v(o) = -174*o - 4 + u*o + 82*o. What is v(p)?
6
Let q(u) = 28*u + 35. Let j(h) = 78*h + 107. Let w(p) = -4*j(p) + 11*q(p). Calculate w(-10).
-3
Suppose 10*i - 4 + 54 = 0. Let d(m) = 2*m**2 + 3*m - 4. What is d(i)?
31
Let y(q) = 4*q. Let x be (-120)/(-3) + 0*3/(-15). Suppose x*m - 6 = 34*m. Calculate y(m).
4
Let w(q) = -21*q**2 + 94*q - 1. Let x(g) = 44*g**2 - 204*g + 2. Let o(r) = -13*w(r) - 6*x(r). Give o(-1).
8
Let o(s) = -s**3 - 28*s**2 - 10*s - 9. Let p(y) = 3*y**3 + 78*y**2 + 30*y + 26. Let q(a) = -17*o(a) - 6*p(a). Let c be 1*-3*(-105)/45. Determine q(c).
-24
Let v(j) = 4*j - 10. Let f = -82 + 114. Suppose -6*y - f = -14*y. What is v(y)?
6
Let n(k) = -19*k - 93. Let t be n(-5). Let h(m) = -m**2 + 2 - 7*m - 2*m + 0*m**t. Calculate h(-10).
-8
Suppose -y - 126 = 2*d - 104, d + 12 = -y. Let a(r) = -5*r - 26. Give a(d).
24
Let q(o) = -o**2 - 47*o + 313. Let g be q(6). Let c(u) = -u**3 - 4*u**2 + 5*u + 4. What is c(g)?
4
Let z be -14 + ((-4)/(-9) - ((-3427)/207 + 20)). Let d(i) = -7*i + 14. Calculate d(z).
133
Suppose -5*o + 0*a = 2*a - 11, -11 = -2*o - 3*a. Let k(n) = 10*n**3 + n**2. Calculate k(o).
11
Suppose -4 = 13*q + 2 + 33. Let v(y) be the third derivative of -y**4/24 - 7*y**3/6 - 2*y**2. Give v(q).
-4
Suppose 81*t - 336 = 78*t. Suppose t = 2*b - 20. Let m = b + -72. Let p(o) = o - 4. Give p(m).
-10
Let g(x) = 3*x**2 + 4*x + 3. Let h(y) = -2*y**3 - 13*y**2 - 7*y. Let s be h(-6). Suppose -5*m - 26 + s = 5*t, 4 = -2*m. Calculate g(t).
7
Let b(f) be the third derivative of 1/24*f**4 - 2*f**2 + 0*f**3 - 46*f - 7/60*f**5 + 0. Calculate b(1).
-6
Let q be 1/(-4) + 30/(-8). Let p(b) be the third derivative of -b**6/120 - b**5/20 + b**4/24 - 5*b**3/6 + 2*b**2 - 2237. Determine p(q).
7
Let u(f) = 34*f - 3. Let v(k) be the first derivative of -15*k**2/2 + k - 144. Let z(t) = 2*u(t) + 5*v(t). Calculate z(1).
-8
Let i(y) = 3*y + 4 - 7 + 0*y. Let b be (-24)/(-7) - (-164)/287. Suppose -b*v - 2*v = -42. Calculate i(v).
18
Let v(m) = 148*m + 60. Let f(j) = 194*j + 61. Let y(x) = -3*f(x) + 4*v(x). Calculate y(-8).
-23
Let i(k) = k**3 - 7*k**2 - 8*k + 5. Suppose -3*a - 55 = -5*r, -3*r = 2*r + 4*a - 20. Let l be i(r). Let u(y) = 2*y**3 - 11*y**2 + 4*y + 6. Give u(l).
1
Let q(i) be the second derivative of -i**5/20 + i**4/4 + 4*i**3/3 + 15*i**2/2 + 6164*i. Give q(-3).
45
Suppose -408*w + 423*w - 14 - 1 = 0. Let a(j) be the second derivative of -2*j + 11/12*j**4 + 0*j**3 - 1/2*j**2 + 0. Determine a(w).
10
Suppose 0 = h - 3 + 12. Let l(y) be the third derivative of 4*y**2 - 1/120*y**6 + 7/24*y**4 - 31*y + 0 - 2/15*y**5 - 5/3*y**3. Determine l(h).
8
Suppose -608 = -17*a + 344. Let g be (5 - 1)*7*6/a. Let j(r) = 195 - 7*r**3 - 5*r**g + r**2 - 2*r - 194. Calculate j(1).
-12
Let x(w) = -3*w + 4. Let k be x(-5). Let g = k - -14. Let c = g + -38. Let u(y) = y**3 + 4*y**2 - 5*y - 6. Give u(c).
-6
Suppose -16 = -h - g, 170*g + 20 = 5*h + 165*g. Let c(r) be the third derivative of -r**4/8 + r**3/3 + r**2. What is c(h)?
-28
Let v = -2 - -3. Let r(y) = 5*y**2 - 7*y + 1. Let a(j) be the third derivative of j**5/60 - j**4/24 + 14*j**2 + 225. Let p(w) = v*r(w) - 4*a(w). Calculate p(2).
-1
Let g(z) = z**3 - 5*z**2 - 8*z - 5. Suppose 5*t = 9*d - 12*d - 7, 10 = -2*d + 2*t. Let v be (-6)/d*21/9*2. What is g(v)?
37
Suppose -7*d = -54*d - 2*d - 245. Let x(k) = -k**3 - 4*k**2 + 6*k + 2. Calculate x(d).
-3
Let k = 40 + -55. Let d(x) = x + 33. Let m(l) = -l - 38. Let o(g) = 3*d(g) + 2*m(g). Determine o(k).
8
Let z be (7/21)/((-1)/(-21)) + 0. Let x(p) = 5*p - 8. Let q(t) = 5*t - 8. Let s(h) = z*q(h) - 6*x(h). Determine s(4).
12
Suppose 0 = -21*t + 61 - 19. Let h(s) = -s**2 - 6*s**3 - 7781 + t*s + 7781. Calculate h(2).
-48
Suppose -3*n - 13 = -4*i - 55, -n - 4*i = 2. Let m(f) be the first derivative of f**4/4 - 10*f**3/3 + f**2 - 4*f + 57. Calculate m(n).
16
Let d(s) = s**3 - 5*s**2 - 7*s - 4. Let l be d(6). Let r(f) = 10 - 8*f - 3 + 23*f - 14*f + 0. Calculate r(l).
-3
Let z(q) = 8*q - 366 - 5*q**2 + 1087 - 368 - 363 + q**3. Determine z(3).
-4
Let i(g) = -7*g**2 - 2*g - 9. Let h = -259 - -263. Let s(p) = 12*p**2 + 5*p + 17. Let y(u) = h*s(u) + 7*i(u). Determine y(8).
-11
Let u(n) be the third derivative of 0 + 0*n - 12*n**2 - 2*n**3 + 1/120*n**5 - 1/12*n**4. Let f(x) be the first derivative of u(x). Give f(5).
3
Let f(d) = -5*d**2 + 2. Let p = -96 + 98. Suppose -4*t - q + 2 = -p, 3*t + 4*q = -10. Determine f(t).
-18
Let z(h) = 2302*h + 2298*h + 4 - 14*h**2 - 4597*h. What is z(-1)?
-13
Let v(n) be the third derivative of -n**5/60 + 5*n**4/24 + 1191*n**2. Suppose -w - 6 = 2*w, -4*w = m + 4. Give v(m).
4
Let m(v) be the third derivative of -v**6/120 - 32*v**3/3 + 246*v**2. Give m(0).
-64
Let f(t) be the third derivative of -t**5/60 + 5*t**4/12 - 3*t**3/2 - 3*t**2 - 156*t - 2. Let u(q) = -q - 2. Let l be u(-9). What is f(l)?
12
Let w(x) = 307*x - 9. Let b(f) = -34*f + 1. Let k(l) = -9*b(l) - w(l). Suppose 0 = -2*o + 4*o + 22. Determine k(o).
11
Let z(s) = -126*s - 321. Let u(l) = -225*l - 640. Let f(c) = -4*u(c) + 7*z(c). What is f(-18)?
-11
Let b(i) = -i**3 - 3*i - 3. Let l be (180/36)/((-5)/2). What is b(l)?
11
Let t(g) be the third derivative of -g**6/120 - g**5/6 - g**4/3 + 7*g**3/6 + 12*g**2. Suppose -58 + 94 = -4*y. Calculate t(y).
-2
Suppose 10*r = 15 + 65. Let i be r/12 - (4 - (-49)/(-21)). Let n(z) = -z**2 - 2*z - 2. Calculate n(i).
-1
Let a(c) = -7*c**3 + 83*c**2 - 87*c - 190. Let o(g) = 4*g**3 - 40*g**2 + 43*g + 95. Let u(l) = 3*a(l) + 5*o(l). What is u(48)?
1
Let m(i) = i**3 - 23*i + 10. Let g be m(-5). Let b(h) = g*h**2 + 72 - 21 + h**2 - 40 + 8*h. Let c = -39 - -31. Calculate b(c).
11
Suppose 51*c - 19 = -70. Let z(r) be the second derivative of 0 + 1/2*r**2 + 1/3*r**3 + 3*r. Determine z(c).
-1
Let l be (-12 - -12) + (2 - 0). Suppose 0 = -11*x + 13*x - 3*c + 19, -x - 11 = -l*c. Let n(h) = -h**3 - 4*h**2 + 3*h - 6. What is n(x)?
4
Let a(c) = -2709*c**2 + 5443*c**2 - 2735*c**2. Give a(2).
-4
Let x(g) = 18*g**3 + g**2 + g - 1. Suppose 0 = 8890*h - 8885*h + 5. Give x(h).
-19
Let p(i) = -i**3 + 2*i**2 - 2. Let u be ((8 - 8)*(4 - (2 - -1)))/1. What is p(u)?
-2
Let u(i) = i - 2. Suppose 4*b + 12 = -2*g + 2, 5*b = -5*g - 5. Suppose 2*m + 11 = 5*f + 1, -m + g*f - 6 = 0. Suppose 2*j - 16 = -m*j. Determine u(j).
6
Let h(l) = -8*l - 11 - 8 - 10 - 10 + 44. Suppose s = 6 - 0. Calculate h(s).
-43
Let a(b) be the second derivative of b**3/2 + 45*b**2/2 + 1281*b. Calculate a(-15).
0
Suppose -100*h = -98*h - 38. Let l(m) = -8 - h*m - 23*m - 21*m + m**2 + 71*m. Give l(-7).
-15
Let p(t) be the second derivative of -t**5/20 - 5*t**4/12 + t**3 + 3*t**2/2 - 3*t. Suppose -30 = 5*x + 195. Let r be 300/(-54) - (-20)/x. Give p(r).
3
Let p = -593 + 332. Let i = 265 + p. Let x(t) = -t**2 + 3*t - 5. What is x(i)?
-9
Let a(l) = 2*l + 713*l**2 - 1 - 1437*l**2 - 3*l**3 + 723*l**2. Determine a(-2).
15
Let f(s) be the second derivative of 0 + 0*s**2 + 263*s + 1/3*s**3 + 5/12*s**4. Calculate f(1).
7
Let i(h) be the first derivative of -9*h**2/2 - 5*h + 251. Determine i(-2).
13
Let b(i) = 2*i. Let d be b(3). Let v(y) = -3*y + 5*y - d*y**2 - 3*y + 5 - y**3 + 8*y. Suppose 2*k + 20 = -3*l, -3 = -k + 6*l - l. Determine v(k).
5
Let w(r) = -2*r**2 + 21*r - 5. Let f be w(10). Let g(l) = 12*l + 21. Let j be g(f). Let x(m) = -81*m - 13 - j*m + 165*m. What is x(10)?
17
Let c(k) = -k**2 - 1 - 4 - 2*k + 6*k. Suppose 6*p = -1669 - 1853. Let y = p + 591. Give c(y).
-5
Let p(f) = 13*f**3 - 2*f - 1. Let s = -877 + 874. Let o be (-5)/9 - s*(-12)/81. Give p(o).
-12
Let u = 1 - 0. Let h(m) = -25*m - 20. Let g(r) = 11*r + 9. Let k(d) = -7*g(d) - 